 + 2 + 4.
4
What is the value of -2 - ((-6 - -2) + 2 - 3)?
3
Evaluate (1 - 0) + 1 - (134 + -134).
2
Calculate 1 + 3 + -5 + (1 - 2).
-2
Calculate 5 - (9 - (-9 - -9)).
-4
What is (-4 + 1 - (13 - 21)) + -1?
4
What is the value of 7 + (5 + -11 - -2) - 0?
3
Calculate -4 - ((3 - -4) + -5 + -3).
-3
Evaluate 88 + -104 + 11 + 0.
-5
0 + 9 - (11 - 8)
6
What is the value of -18 - -10 - -14 - (6 + 0)?
0
What is the value of 3 - (-9 - -9) - 0?
3
Evaluate (3 - (0 - 1)) + -2.
2
Calculate -1 + (6 - (8 + -3)).
0
Evaluate 9 + -9 - (0 + -3).
3
What is -2 + (6 - (1 + 7))?
-4
What is the value of (-5 - 2) + 3 - -6?
2
Evaluate 1 - (-4 - ((-2 - -4) + -3)).
4
3 + (1 - 5 - (-1 - 0))
0
Evaluate 1 + 1 - (-1 + (3 - 0)).
0
What is the value of 1 + -7 + -16 + 14?
-8
What is 3 + -10 - 0 - -2?
-5
Calculate -5 - (-7 - 5) - 7.
0
Calculate 0 + (5 + -3 - -4) - 5.
1
Calculate -2 + 0 + (28 - 25).
1
What is 6 + -4 + 4 + 0 + -1?
5
What is -15 - (0 + 3 - 11)?
-7
What is the value of -9 + (-6 - -6) - (-6 + 2)?
-5
Calculate (-22 - -12) + (-2 - -6).
-6
Evaluate -4 + -1 + (-1 - -1).
-5
10 + (-4 - -17 - 12)
11
What is 6 + (-8 - (-5 - -8))?
-5
What is the value of (0 - 2 - -7) + (0 - 0)?
5
Calculate (-5 - (1 + -2)) + (-184 - -182).
-6
Evaluate (-3 - 0) + (-10 - (-5 + -3)).
-5
Evaluate -2 + -2 + -1 - -7.
2
-2 + (3 - 2) + -4 + 1
-4
Evaluate (-2 - (4 + -15)) + -3.
6
8 + -4 - 0 - 1
3
Calculate (-7 - (-1 - -3)) + 6.
-3
Calculate 24 - 34 - (-3 - -4).
-11
Calculate 12 - ((10 - 8) + 8).
2
(1 - -4) + -4 + -5
-4
Evaluate (-4 - (-1 + -3)) + (0 - 4).
-4
What is the value of 7 + -4 + -6 - -5?
2
Evaluate 5 - 3 - (-7 - (-10 - -9)).
8
Evaluate -3 + 5 + 3 - (4 + -2).
3
What is -30 + 37 + (0 - 5)?
2
Calculate 19 - (-4 - -7 - -8).
8
What is -7 - (-1 + 7 + -13 - 1)?
1
Calculate 3 + 5 + -5 + -5.
-2
What is the value of (-1 - 2) + (-3 - -1 - 0)?
-5
What is -3 + (-1 - (5 + -13))?
4
(4 - -2) + -5 + -3
-2
Calculate (-4 - (-7 + 0)) + -8.
-5
What is -4 + (-2 - (2 + -6 - 1))?
-1
What is the value of 3 - (-7 - -3) - (5 + -2)?
4
Evaluate (40 - 36) + (4 - (3 + -2)).
7
What is (8 - 12) + 5 + -6?
-5
What is 2 - (-2 + 4 + -4 + -1)?
5
What is -21 - -9 - (-8 - (-4 + 1))?
-7
3 - 4 - (1 + 2)
-4
Calculate 7 - (2 - ((-1 - -4) + -2)).
6
Calculate (3 - -7 - 14) + (9 - 2).
3
3 + 5 - (-1 + 5)
4
Evaluate -2 + -2 - (0 - -5 - 8).
-1
Evaluate -1 - ((-1 - 8) + 6).
2
What is -1 + 1 + -2 + 6?
4
What is the value of 10 + -8 + 5 + -9?
-2
-3 - (3 + (-4 - 4) + 4)
-2
2 - ((8 - 3) + -3) - -2
2
What is the value of 0 + (-1 - 2) + -3 + 4?
-2
What is -8 + (-7 - (-5 - 9))?
-1
What is 3 + 1 + 0 - (3 - 3)?
4
6 + -6 + 0 + -3 + -1
-4
What is the value of 2 - (7 - (-8 - -14))?
1
Evaluate -5 + -7 + 8 - -2 - -5.
3
Calculate 5 + (-5 - -2) + 3 - 0.
5
What is 2 + (0 - 0 - 3)?
-1
Calculate (0 + 1 - 0) + -50 + 51.
2
What is 2 + -1 - -6 - (-2 + 4)?
5
Evaluate (3 - 0) + 52 + -49.
6
Evaluate -2 + -1 + 7 - 1.
3
What is 6 - (3 + 2 - (-5 + 4))?
0
Calculate -1 - -6 - (-8 + 19 + 0).
-6
Calculate -4 + 4 + -2 + 0 + -3.
-5
What is 10 - 17 - (0 + -5)?
-2
What is the value of 0 + -1 + 7 - 13?
-7
Evaluate 5 + -4 + (-1 - 0).
0
4 - 1 - (9 - 8) - 3
-1
-3 - -2 - (-3 + 7)
-5
Calculate (0 - 0) + 4 + 44 + -45.
3
What is -4 - (2 - ((-2 - -1) + 6))?
-1
What is the value of 1 - 2 - (-7 + (-11 - -20))?
-3
Evaluate 2 + 0 + (-5 - -2) + 7.
6
What is -3 + 0 - -3 - (2 + -1)?
-1
What is 1 - (5 + -9 - (-2 + -4))?
-1
What is 0 - -3 - (-1 + 1 + 2)?
1
What is (-5 - -3) + (-3 - -4) + 6?
5
Evaluate 10 + (-4 + 3 - 8 - -4).
5
What is 6 + 2 + -2 - 7?
-1
4 + -4 + 8 + 12 + -17
3
Calculate 4 - (1 + 3 - 0).
0
Evaluate 3 + 1 + 1 + (6 - 6).
5
2 - (-8 + (1 - (-4 + -2)))
3
What is 3 + 4 + (-5 - 2)?
0
Evaluate 0 - (1 - 7 - (-5 - -3)).
4
(0 - (3 - 4)) + -2
-1
Evaluate 6 + -6 + 7 + -3 + -4.
0
Calculate 3 - -1 - (67 - 69).
6
What is the value of -6 + 5 - 3 - (2 + -4)?
-2
Evaluate 2 + 1 + (-2 - -2).
3
Calculate -8 - (0 + -1 + -3).
-4
(-6 - -2) + (-6 - -10)
0
5 + 2 + -10 + 0 + 1
-2
(5 + -5 - 3) + -1
-4
What is the value of (1 - 0) + 5 + -9 - 1?
-4
What is the value of (2 - -7) + -2 + -1 - 0?
6
Evaluate 5 + 0 + (-10 + 5 - -4).
4
What is -4 - (-10 - (3 + -3 + -1))?
5
What is 0 + 4 - (1 + -1)?
4
Calculate (8 - (-7 + 29)) + 9.
-5
What is (-2 - (-4 + 0)) + 0?
2
-7 - -3 - 0 - -1
-3
What is the value of -2 + -1 - (7 + -16 + 12)?
-6
(3 - 8) + 7 + 1 + -4
-1
What is the value of -14 + 6 + -11 + 23?
4
What is -1 + (-1 - 0) + 0 + 0?
-2
Calculate 0 + 1 + 0 - 4 - -8.
5
What is -1 + -2 - (5 + -9)?
1
What is (2 - (1 + 4)) + -3?
-6
Evaluate -4 + 0 + -1 - -7.
2
Calculate 0 - (5 + (1 - 5)).
-1
Evaluate 2 + 2 + 1 + -2.
3
1 - (-5 + -1 + 11)
-4
Evaluate -1 + -1 - (-6 + 15 + -18).
7
Evaluate 4 + -2 + (-6 - 0).
-4
What is (-45 + 47 - (0 - 0)) + -2?
0
Evaluate -7 - (0 + -9 - (-2 - 3)).
-3
(0 - -3) + (4 - (3 - -5))
-1
Calculate -1 + 2 - (20 + -5 + -6).
-8
What is 6 + -1 + -1 - 2?
2
Calculate 2 + -4 + 4 + -6 + 0.
-4
What is the value of -8 - (0 - (10 - 5))?
-3
Calculate -3 - (5 + -2) - (0 - 2).
-4
(0 - 9) + 13 + -6
-2
Evaluate (1 - 1) + 0 + -4 - 0.
-4
-3 + 0 + -1 + 2 + -2
-4
-2 - 1 - (-2 - (-5 + 2))
-4
Calculate (-1 - 1) + (1 - (-4 - -4)).
-1
What is (25 - 26) + -7 + 1?
-7
What is (-1 + 3 - -4) + -3?
3
What is the value of -1 + 3 + -4 + 4?
2
What is -5 - (-4 + 6 + (-1 - 2))?
-4
Evaluate (-70 - -71) + -7 + 1.
-5
Evaluate (-7 - 3 - -3) + 8.
1
What is (-8 - (-1 - -1)) + 22 + -18?
-4
Calculate 3 - -2 - (-5 + 4 + 5).
1
What is the value of -9 + 8 - 4 - (0 - 3)?
-2
What is the value of -2 + 4 - (-1 + -3)?
6
Evaluate -3 + 9 - ((-8 - -11) + 5).
-2
Evaluate 1 - (-1 - (5 + (-8 - -5))).
4
What is (1 - 2) + (6 + -5 - 4)?
-4
Calculate 22 + -18 + (-4 - -1).
1
1 + -2 - ((6 - 6) + 0)
-1
Calculate 0 - 6 - (-17 - -8 - -10).
-7
Calculate 1 - (11 - 5 - (-1 - -1)).
-5
Evaluate 2 + (1 - 0) + -1 + 1.
3
What is 0 + -6 + (3 - 1)?
-4
Calculate (2 - (2 + -6)) + -1.
5
Evaluate (1 - (5 - 8)) + -9.
-5
Calculate -2 + (1 - 0) + 13 + -17.
-5
Evaluate 3 + -1 + 6 + -10 + -1.
-3
-5 + 4 - (3 + -4) - -1
1
What is the value of -33 - -31 - (0 + 0 + -3)?
1
What is the value of 0 - (4 - 10) - (7 - 2)?
1
(6 - 3) + (-8 - -1) - -6
2
What is the value of (-2 - -1 - 4) + 7 + -1?
1
Evaluate 4 + 2 + -4 - 6.
-4
Evaluate -11 + 5 + 0 + 5.
-1
Evaluate -10 - ((-2 - -1) + 0 + -2).
-7
What is 0 + (-5 - -2) - -7?
4
Calculate (-12 - 2 - -3) + 16.
5
What is 1 - (-2 + 7 + -4)?
0
Evaluate -6 + -8 + -2 + 12.
-4
What is the value of (-4 - (1 + -3)) + (0 - -3)?
1
Calculate 5 - (3 - (-5 - (6 + -10))).
1
Calculate (5 - 0) + -3 + -4.
-2
Calculate 188 - 186 - ((2 - 2) + -6).
8
Calculate 13 + -6 + 0 - 4.
3
Calculate -5 - (-10 + 4 + (2 - 5)).
4
What is -5 + (8 - -2) - 12?
-7
Evaluate (-4 - 2) + (4 + -3 - -1).
-4
What is 0 - (-2 + -1 + 3)?
0
Calculate 2 + 1 - (-61 - -56).
8
30 - 23 - (-1 - -8)
0
Evaluate 16 + -24 - (-4 - 1).
-3
Calculate -1 + (3 - 9) - -7.
0
Evaluate (2 - -1) + 6 + -7 + 0.
2
2 - (7 - (-10 - -7))
-8
(6 - 1) + -25 + 8 + 13
1
(-10 - (2 + (-1 - 4))) + 2
-5
Calculate -3 + (2 - -1 - (-2 - -5)).
-3
What is -4 + 5 + (7 - (0 - -2))?
6
-3 + 5 + -9 + 5 + -2
-4
Evaluate -1 + (1 - 1) - 1.
-2
2 + -4 - (-2 - (3 + 2))
5
Calculate -2 - (3 - 0) - -3 - 3.
-5
Calculate 7 + (-4 - 5 - -2).
0
(-9 - -6) + -9 - (-9 + 3)
-6
What is 5 + (-3 - -2) - (3 + -1)?
2
What is (1 - 0) + (0 - 1) + 4?
4
What is (-14 - -3) + 9 + 0?
-2
-10 - ((1 - (0 - -9)) + 3)
-5
Calculate (-7 - -6) + 8 - (-2 + 1).
8
Evaluate -3 + (-12 - (-8 - 0)).
-7
Evaluate -5 + (-1 - -8) + -1.
1
0 - 3 - -3 - 1
-1
Calculate (3 - 2) + -2 + 4 + 0.
3
Evaluate -4 - ((-3 + 0 - -4) + -2).
-3
-2 + 5 + 2 + -5
0
Evaluate -3 + 14 + -9 + -6.
-4
0 + (0 - 4) - -6
2
-12 + (10 - (8 - 5))
-5
5 + (-4 - -2 - 4)
-1
Evaluate (1 - -4) + 6 + -11.
0
What is (4 - 0) + -2 - -1 - 7?
-4
Calculate 6 + -1 + 14 + -7 + -14.
-2
What is 18 - (24 - 11) - 1?
4
What is (3 - (1 - 1)) + -4?
-1
-9 - (-11 + -5 + 0)
7
Calculate -2 + 1 + -6 + (30 - 29).
-6
What is the value of 1 + 1 - (3 - (5 - 1))?
3
What is 10 + (-2 - -4 - 13)?
-1
Evaluate 1 + -1 + -8 - -17.
9
Evaluate (3 + -7 - (-1 - -1)) + 4.
0
-2 + 2 + -6 + -3 + 0
-9
What is 7 - (2 - (6 + -7))?
4
Calculate -3 + 6 + -4 - 4.
-5
What is the value of 3 + (2 - -1) + 1 + -5?
2
-4 + (-3 - (0 + (-4 - -2)))
-5
-2 + 3 + -4 + 6 + -1
2
1 - (-3 + 5) - (14 + -20)
5
Calculate 6 + -11 + 2 + 2.
-1
Calculate -5 + 4 + (2 - 5 - -3).
-1
5 - (8 + -4 - 7)
8
3 - (-3 